greatest common factor of o and s.
4
Let b be (-8)/(-6)*1485/18. What is the highest common divisor of b and 44?
22
Let p(b) be the second derivative of -b**5/20 + 5*b**4/6 + 13*b**3/6 - 3*b**2 - 2*b. Let y be p(11). What is the greatest common factor of 40 and y?
8
Suppose 0*h = -4*h - 8, -5*h = -3*c + 7. Let j = c + 3. Let o be 21 - (-1 - (-4 + j)). What is the greatest common factor of o and 8?
4
Let j(z) = z**2 - 4*z + 3. Let w be j(3). Suppose w*x = 2*x - 28. Let v = 10 + x. Calculate the highest common factor of 3 and v.
3
Let i be 3 - (-1 - -3)/(-2). Let o be 18/i + 21/14. Calculate the greatest common factor of 24 and o.
6
Let j be 13/52 + (-23)/(-4). Calculate the greatest common factor of 96 and j.
6
Let x(a) = -2 + 4 + 4*a + 5*a. Suppose -5*k + 26 = -9. Let f be x(k). Calculate the highest common divisor of f and 13.
13
Suppose 0 = h - j - 3, -h - 5*j - 19 + 46 = 0. Suppose -3*w + 5*o = -48 + 7, 5*w - 2*o - 43 = 0. What is the highest common factor of w and h?
7
Suppose 6*k + 41 = 5*g + 8*k, 0 = -5*k - 10. What is the highest common factor of g and 27?
9
Suppose -3*w + 77 = -2*w. Calculate the highest common factor of w and 7.
7
Let i(l) = l + 4. Let w be i(-3). Let h be ((-2)/(-6))/((-1)/(-6)). Calculate the greatest common factor of h and w.
1
Suppose 22*r - 425 = 17*r. What is the highest common factor of 34 and r?
17
Suppose 4*m = 5*m - 42. Let s be (-33)/((m/(-20))/7). Calculate the highest common factor of 11 and s.
11
Suppose t + 25 = 6*t. Suppose 2*c - c - 32 = t*x, 0 = 2*x + 8. Suppose -c = -4*d - 2*z, 3*d = 2*d + 5*z + 3. What is the highest common factor of 9 and d?
3
Let k be -1 + 4 + (-2)/(-1). Calculate the greatest common divisor of 5 and k.
5
Suppose 2*r - 1 = -3, -7 = -3*s - 2*r. Let k be ((-94)/(-6))/((-1)/(-6)). Suppose -3*y + k = 13. Calculate the highest common factor of s and y.
3
Suppose 5*o - 763 = -123. Let c = o - 65. What is the greatest common divisor of 7 and c?
7
Let q be 19 + (-6)/(-4 - -1). Suppose 4*c + 9 = 5*y, 0 = c - 2*c + 5*y - q. Let a be (2/c)/(1/6). What is the highest common factor of a and 21?
3
Let n(y) = y - 8. Let i be n(6). Let k be i/(-5) - (-2)/(-5). Suppose -4*o + 5*o - 8 = k. Calculate the greatest common divisor of o and 24.
8
Let h = -20 + 33. Let n(g) = -143*g**3 - g - 1. Let c be n(-1). What is the greatest common divisor of c and h?
13
Suppose 3*v = 4*v + 234. Let k be v/(-24) - (-2)/8. What is the highest common divisor of 5 and k?
5
Suppose 88 = o + 3*o. What is the greatest common divisor of 242 and o?
22
Let g(v) = 12*v**2 - v - 1. Let h be g(3). Let u be 38*-3*(-3)/(-18). Let p = u + h. What is the greatest common factor of 17 and p?
17
Let q be ((-1)/3)/(3/(-18)). Suppose -5*u + 277 = 2*a, -q*a + 5*u = -0*a - 267. Calculate the greatest common factor of 17 and a.
17
Suppose -5*z + 354 = 4*w, 5*z + 4*w - 355 = -w. Calculate the highest common divisor of 42 and z.
14
Let z = -2 - -5. Let c be 12/(3/18*z). Let b = c + -12. What is the greatest common factor of 6 and b?
6
Let k = 27 + -13. Calculate the greatest common factor of 14 and k.
14
Let i = 13 - -2. Let s(q) be the first derivative of -q**4/2 + q**2/2 + q + 3. Let g be s(-2). Calculate the greatest common factor of i and g.
15
Suppose 5*b + 15 = 0, 16 = -2*q - 2*b - 2*b. Let s be ((-6)/(-9))/(q/(-9)). Suppose 4*f - 72 = s*f. Calculate the greatest common factor of f and 9.
9
Let u(x) = -x**3 - 2*x**2 + 5*x + 3. Let n be u(-4). Let h = n - 8. Suppose 5*k - 2 = 3*k. What is the greatest common divisor of k and h?
1
Suppose -3*u = -7*u + 56. What is the greatest common divisor of 154 and u?
14
Let v = -3 - -6. Suppose 12 = -2*r + v*r. Calculate the greatest common divisor of 48 and r.
12
Let f = -19 + -1. Let b(o) = -2*o**3 - 6*o**2 - o - 3. Let a be b(-4). Let j = f + a. Calculate the highest common factor of 91 and j.
13
Let u be 112/(-12)*18/(-4). Calculate the greatest common factor of u and 6.
6
Let z be (-1 - 0) + (-3)/(-3) + 77. What is the greatest common divisor of z and 7?
7
Suppose -k = -6 - 24. Calculate the highest common divisor of 15 and k.
15
Let p(n) = -n**2 - 8*n + 4. Let d be p(-7). Let i = 55 + -33. Calculate the highest common divisor of d and i.
11
Suppose -2*k + 1 = 5. Let u be 1/(-5) + (-138)/10. Let b = k - u. What is the greatest common divisor of 6 and b?
6
Let l(g) be the second derivative of -g**5/20 - g**4/4 - g**3/3 - g**2 - 4*g. Let s be l(-3). Calculate the highest common factor of s and 12.
4
Let r(v) = 12*v - 6. Let h be r(3). Let q = -19 + 34. What is the greatest common factor of q and h?
15
Suppose -12*j + 16 = -16*j. Let u(s) = -14*s - 1. Let l be u(j). What is the highest common divisor of l and 22?
11
Suppose 5*q + k = 0, 2*q + 5*k - 24 + 1 = 0. Let d be (-1)/q + -3 + -2. Let o be (-3 + (-2 - d))*-63. What is the greatest common factor of 9 and o?
9
Let z(s) = 6*s**2 + 4*s - 4. Let k be z(2). What is the greatest common factor of 7 and k?
7
Let l = 1 - -22. Calculate the highest common factor of l and 230.
23
Let l(a) = 47*a - 4. Let q be l(5). Calculate the greatest common factor of q and 21.
21
Let f(b) = -b**2 - 13*b + 3. Let w be f(-7). Suppose -2*r + w = r. What is the greatest common factor of 3 and r?
3
Let f(y) = 17*y - 2. Let v be f(4). Let r = 99 - v. Calculate the highest common divisor of r and 22.
11
Let t = -63 - -69. Calculate the greatest common factor of 3 and t.
3
Let z be -1 + (6/2 - 0). Let h be 9/z + 9/18. Suppose -a = -h*a + 16. Calculate the greatest common divisor of 4 and a.
4
Let f = -26 - -43. What is the greatest common divisor of f and 136?
17
Let i be (-2)/5 + (-728)/(-70). What is the greatest common divisor of 30 and i?
10
Let h(k) = -8*k - 3. Let p be h(-3). Let m be -3 - (-1 + -1 - 0). Let y be m + 149 - (4 + -3). Calculate the greatest common divisor of y and p.
21
Let a be (-5)/(20/(-36))*7. What is the greatest common factor of 21 and a?
21
Let m(k) be the third derivative of k**5/60 + k**4/8 - 2*k**2. Let c be m(13). Calculate the highest common divisor of c and 26.
26
Let j = 15 + 21. Calculate the highest common divisor of 324 and j.
36
Suppose -2*b + 12 = b. Let p be 156/27 + (-2)/(-9). What is the greatest common factor of p and b?
2
Let v(q) = q + 4. Let u be v(3). Calculate the greatest common divisor of u and 14.
7
Let d = 87 - 81. Let t be (-13)/(-4) - 2/8. Suppose 18 = 5*v - t*v + 4*p, 0 = -p - 3. What is the highest common factor of d and v?
3
Let a = 155 + -95. What is the greatest common factor of a and 6?
6
Suppose -9*z - 78 = -618. What is the highest common divisor of z and 72?
12
Let i = 4 - -14. Calculate the greatest common factor of i and 9.
9
Let b(i) = 3*i**2 + i. Let s be b(-2). What is the highest common factor of s and 90?
10
Let a = 64 + -40. Suppose 0 = -3*t + a - 0. Suppose 2*p = 4*f - 118, -5*f + 2*p = p - 155. What is the greatest common factor of f and t?
8
Suppose 3*v = 2*v + 10. Calculate the highest common factor of 15 and v.
5
Let f be (-434)/(-10) - 33/(-55). Calculate the highest common factor of 11 and f.
11
Suppose -5*b - 20 = 0, t + 3*b - 148 = -3*t. What is the highest common divisor of t and 40?
40
Let t = -124 + 194. Let u(j) = -j + 2. Let v be u(3). Let r(h) = -13*h**3 + 2*h**2 + 2*h + 1. Let o be r(v). What is the greatest common factor of t and o?
14
Suppose 192 = 7*m - 3*m. Suppose -2*g - 144 = -6*g. Suppose -4*q = -q - g. Calculate the highest common divisor of m and q.
12
Suppose -35 - 125 = -5*z. Let j be (-186)/(-5) - 4/20. Suppose -3*k = 4*l + 2 - 6, -4*k = -l - j. Calculate the greatest common factor of z and k.
8
Let j be 106/22 + 6/33. Suppose j*a = 2*a + 39. What is the highest common divisor of a and 39?
13
Suppose 0*n = -2*q + n + 532, 2*q + 5*n = 520. Let t = 3 + q. Suppose 43 - t = -5*h. What is the greatest common factor of h and 18?
9
Suppose y = 2 + 2. Calculate the highest common divisor of y and 32.
4
Suppose -3*y + 17 = -13. Suppose 0*w = -2*w + y. What is the greatest common factor of w and 25?
5
Let u(m) = m**2 + 10*m - 1. Let b be u(-10). Let j = 2 - b. Suppose j*x - 2*x = 4. What is the greatest common factor of x and 32?
4
Suppose -k + 25 = 3*p + 4, 0 = -2*k - 2*p + 38. Suppose -k - 2 = -4*l. What is the highest common factor of l and 15?
5
Suppose -5*r - 2*w + 58 = 0, 